32.
16
Calculate the greatest common divisor of 2706 and 132.
66
What is the highest common factor of 944 and 413?
59
Calculate the greatest common factor of 46 and 138.
46
What is the greatest common factor of 230 and 2806?
46
Calculate the highest common factor of 2284 and 4.
4
Calculate the greatest common divisor of 1131 and 195.
39
Calculate the greatest common divisor of 11454 and 69.
69
What is the highest common factor of 33 and 33627?
33
What is the greatest common divisor of 248 and 19530?
62
What is the greatest common factor of 1829 and 59?
59
Calculate the highest common divisor of 42 and 6.
6
What is the highest common divisor of 104 and 364?
52
What is the greatest common divisor of 7 and 151?
1
Calculate the highest common factor of 19 and 4769.
19
Calculate the highest common factor of 99 and 2.
1
Calculate the highest common divisor of 56 and 2338.
14
Calculate the greatest common divisor of 50 and 50.
50
Calculate the greatest common divisor of 208 and 130.
26
What is the highest common factor of 41 and 533?
41
What is the greatest common divisor of 618 and 2987?
103
Calculate the highest common divisor of 126 and 288.
18
What is the highest common factor of 470 and 5?
5
What is the highest common factor of 1419 and 33?
33
What is the highest common divisor of 175 and 200?
25
What is the highest common divisor of 442 and 26?
26
What is the highest common factor of 1240 and 341?
31
What is the highest common factor of 91 and 22022?
91
What is the highest common factor of 6923 and 3311?
301
Calculate the highest common divisor of 169 and 104.
13
Calculate the highest common factor of 15 and 153.
3
What is the highest common divisor of 72 and 612?
36
What is the highest common factor of 32 and 14?
2
What is the highest common factor of 21 and 15449?
7
Calculate the highest common factor of 650 and 30.
10
What is the greatest common divisor of 174 and 203?
29
Calculate the highest common divisor of 9344 and 876.
292
What is the greatest common factor of 1035 and 828?
207
Calculate the highest common divisor of 15 and 615.
15
Calculate the highest common divisor of 817 and 1935.
43
What is the highest common factor of 4978 and 38?
38
Calculate the greatest common divisor of 50 and 40.
10
Calculate the highest common divisor of 451 and 164.
41
Calculate the greatest common divisor of 1629 and 36.
9
Calculate the highest common divisor of 10976 and 32.
32
Calculate the greatest common factor of 595 and 238.
119
What is the greatest common factor of 230 and 184?
46
What is the highest common divisor of 96 and 2448?
48
Calculate the highest common divisor of 2581 and 58.
29
Calculate the highest common divisor of 2 and 29.
1
What is the highest common divisor of 1158 and 6?
6
What is the highest common factor of 152 and 190?
38
Calculate the greatest common factor of 221 and 85.
17
Calculate the highest common divisor of 3402 and 36.
18
Calculate the greatest common divisor of 86 and 3182.
86
What is the highest common factor of 197 and 17139?
197
Calculate the highest common divisor of 56 and 88.
8
Calculate the greatest common factor of 38 and 5738.
38
What is the greatest common divisor of 11961 and 27?
27
Calculate the highest common divisor of 265 and 53.
53
Calculate the greatest common factor of 780 and 104.
52
Calculate the highest common factor of 338 and 26.
26
What is the greatest common factor of 90 and 345?
15
What is the highest common factor of 407 and 11?
11
What is the greatest common divisor of 175 and 21875?
175
What is the highest common divisor of 63 and 99?
9
Calculate the highest common factor of 78574 and 17.
17
Calculate the highest common divisor of 20 and 220.
20
What is the greatest common divisor of 584 and 24?
8
What is the highest common factor of 616 and 770?
154
Calculate the highest common divisor of 159 and 265.
53
Calculate the greatest common divisor of 35 and 2513.
7
What is the greatest common factor of 20 and 1210?
10
What is the highest common factor of 144 and 4912?
16
What is the highest common divisor of 830 and 10?
10
What is the highest common divisor of 212 and 312?
4
Calculate the highest common divisor of 20 and 124.
4
Calculate the greatest common factor of 390 and 156.
78
Calculate the highest common divisor of 17 and 136.
17
What is the greatest common divisor of 335 and 201?
67
What is the greatest common factor of 816 and 72?
24
What is the greatest common divisor of 2860 and 1300?
260
What is the highest common factor of 390 and 150?
30
What is the greatest common factor of 50 and 30?
10
What is the greatest common factor of 6 and 10?
2
What is the greatest common divisor of 369 and 205?
41
What is the greatest common divisor of 136 and 850?
34
Calculate the highest common factor of 30 and 42.
6
What is the highest common factor of 165 and 66?
33
Calculate the greatest common divisor of 6 and 1458.
6
What is the highest common factor of 36 and 1332?
36
Calculate the greatest common factor of 85 and 68.
17
Calculate the highest common factor of 34287 and 33.
33
Calculate the highest common factor of 63 and 2058.
21
What is the highest common factor of 344 and 1548?
172
What is the highest common divisor of 2175 and 75?
75
What is the highest common factor of 20 and 150?
10
What is the highest common divisor of 93 and 3?
3
What is the greatest common divisor of 1054 and 68?
34
Calculate the greatest common factor of 39 and 52.
13
Calculate the greatest common factor of 24 and 516.
12
What is the greatest common factor of 28 and 53228?
28
Calculate the highest common factor of 341 and 2883.
31
What is the highest common divisor of 3 and 15?
3
What is the highest common divisor of 33 and 9?
3
What is the highest common divisor of 30 and 120?
30
What is the greatest common divisor of 140 and 80?
20
What is the highest common factor of 3913 and 1729?
91
What is the greatest common divisor of 280 and 1640?
40
What is the greatest common divisor of 696 and 87?
87
What is the greatest common divisor of 60 and 765?
15
Calculate the highest common divisor of 12 and 124.
4
Calculate the greatest common factor of 99 and 957.
33
What is the highest common divisor of 168 and 2100?
84
Calculate the highest common factor of 583 and 106.
53
Calculate the highest common divisor of 24 and 104.
8
Calculate the greatest common divisor of 92 and 1978.
46
What is the greatest common factor of 216 and 14364?
108
Calculate the greatest common factor of 576 and 36.
36
Calculate the highest common factor of 4 and 13.
1
What is the greatest common divisor of 340 and 20?
20
Calculate the greatest common divisor of 9 and 11763.
9
Calculate the highest common divisor of 39525 and 225.
75
Calculate the greatest common factor of 216 and 12.
12
What is the highest common factor of 988 and 52?
52
Calculate the greatest common factor of 42 and 106.
2
What is the greatest common factor of 182 and 7?
7
Calculate the highest common divisor of 12796 and 28.
28
What is the highest common factor of 1184 and 1248?
32
What is the greatest common divisor of 45 and 1455?
15
Calculate the greatest common factor of 49 and 98.
49
Calculate the greatest common factor of 30 and 18.
6
Calculate the greatest common factor of 74 and 74.
74
Calculate the greatest common factor of 306 and 34.
34
What is the greatest common factor of 29 and 46?
1
What is the greatest common factor of 756 and 56?
28
What is the greatest common divisor of 36 and 11016?
36
Calculate the greatest common divisor of 5670 and 770.
70
Calculate the highest common factor of 406 and 2262.
58
What is the highest common factor of 153 and 17?
17
What is the highest common factor of 6364 and 16?
4
Calculate the greatest common factor of 22572 and 81.
27
What is the highest common factor of 133 and 399?
133
Calculate the highest common factor of 488 and 128.
8
Calculate the greatest common factor of 135 and 30.
15
Calculate the highest common factor of 8120 and 112.
56
Calculate the highest common factor of 73 and 949.
73
What is the greatest common factor of 1040 and 3055?
65
What is the greatest common factor of 346 and 18?
2
What is the greatest common divisor of 1349 and 781?
71
Calculate the greatest common factor of 378 and 14.
14
What is the greatest commo